{"id":834,"date":"2023-03-13T13:11:50","date_gmt":"2023-03-13T12:11:50","guid":{"rendered":"https:\/\/www.vdtarification.be\/?page_id=834"},"modified":"2023-03-13T13:21:03","modified_gmt":"2023-03-13T12:21:03","slug":"nouvelles-infirmieres","status":"publish","type":"page","link":"https:\/\/www.vdtarification.be\/index.php\/nouvelles-infirmieres\/","title":{"rendered":"Nouvelles infirmi\u00e8res"},"content":{"rendered":"\n<p class=\"has-text-align-left\">VD Tarification est un bureau sp\u00e9cialis\u00e9 dans la tarification tiers payant, mais aussi dans le conseil et l\u2019accompagnement dans vos d\u00e9buts d\u2019activit\u00e9 et durant le d\u00e9veloppement de votre entreprise.<\/p>\n\n\n\n<p class=\"has-text-align-left\">Votre carri\u00e8re sera \u00e9volutive, aider des coll\u00e8gues \u00e0 temps partiel dans un premier temps, histoire de prendre ses marques, vous sp\u00e9cialiser, vous former continuellement.<\/p>\n\n\n\n<p class=\"has-text-align-left\">Devenir titulaire de patients, passer le cap d\u2019\u00eatre ind\u00e9pendant \u00e0 titre principal. Si ce statut a de nombreux avantages professionnels, il poss\u00e8de aussi des contraintes administratives !<\/p>\n\n\n\n<p class=\"has-text-align-left\"><strong>Vos avantages<\/strong> : <\/p>\n\n\n\n<ul class=\"wp-block-list\">\n<li>Gagner confortablement sa vie en r\u00e9alisant plus d\u2019heures de travail<\/li>\n\n\n\n<li>Am\u00e9nager votre temps de travail<\/li>\n\n\n\n<li>Avoir plus de libert\u00e9<\/li>\n\n\n\n<li>Choix de vos coll\u00e8gues de travail et des soins \u00e0 r\u00e9aliser<\/li>\n<\/ul>\n\n\n\n<p class=\"has-text-align-left\">Cependant, certaines qualit\u00e9s doivent \u00eatre acquises avant de se lancer dans l\u2019aventure. Les soins infirmiers \u00e0 domicile demandent beaucoup d\u2019\u00e9coute, de s\u2019adapter \u00e0 chaque patients, chaque situation tout en sachant poser ses limites quand il le faut. \u00catre pers\u00e9v\u00e9rant et r\u00e9sistant au stress. \u00catre organis\u00e9 et rigoureux dans la tenue de ses papiers. \u00catre pourvue d\u2019une bonne qualit\u00e9 relationnelle, un bon contact avec les autres acteurs de la sant\u00e9 (m\u00e9decins, coll\u00e8gues mutuelles&#8230;) s\u2019av\u00e8re n\u00e9cessaire \u00e9galement.<\/p>\n\n\n\n<p class=\"has-text-align-left\">Nous sommes pr\u00e9sentes aussi pour vous <strong>\u00e9couter<\/strong> et vous <strong>conseiller<\/strong>.<\/p>\n\n\n\n<p class=\"has-text-align-left\"><strong>Vos contraintes administrative<\/strong>s : toutes vos d\u00e9marches de d\u00e9but d\u2019activit\u00e9 ! <br>L\u2019envoi de votre facturation et documents m\u00e9dicaux administratifs en ligne, via le r\u00e9seau MyCareNet. La tenue de vos dossiers infirmiers de vos dossiers soins de plaies, l\u2019anamn\u00e8se, plan de soins, la m\u00e9dication, les \u00e9valuations m\u00e9dicales, les prescriptions de soins, \u2026<\/p>\n\n\n\n<p class=\"has-text-align-left\">Nous serons pr\u00e9sentes \u00e0 chaque \u00e9tape.<\/p>\n\n\n\n<ul class=\"wp-block-list\">\n<li>Dans un premier temps, obtenir votre visa d\u00e9livr\u00e9 par le SPF Sant\u00e9 Publique si votre \u00e9tablissement l\u2019a introduit apr\u00e8s l\u2019obtention de votre dipl\u00f4me et obtenir votre num\u00e9ro d\u2019agr\u00e9ment aupr\u00e8s de l\u2019INAMI.<br>Nous sommes pr\u00e9sentes pour vous aider.<\/li>\n<\/ul>\n\n\n\n<ul class=\"wp-block-list\">\n<li>Ouvrir un compte bancaire d\u00e9di\u00e9 \u00e0 votre activit\u00e9, souscrire une assurance professionnelle. S\u2019inscrire \u00e0 la Banque Carrefour des Entreprises (BCE) via un guichet d\u2019entreprise afin d\u2019obtenir votre statut de travailleur ind\u00e9pendant.<br>Nous pouvons r\u00e9aliser cette d\u00e9marche via notre partenaire UCM. <br><br><\/li>\n\n\n\n<li>Trouver un bon comptable ! gagner plus d\u2019argent signifie aussi \u00eatre tax\u00e9 car la facturation envoy\u00e9e aux mutuelles est r\u00e9alis\u00e9e \u00e0 partir d\u2019un montant brut. Rencontrer r\u00e9guli\u00e8rement votre comptable fait partie des bonnes habitudes d\u2019ind\u00e9pendant, il vous conseillera au mieux mieux fiscalement en fonction de vos gains et situation personnelle.<br>Nous r\u00e9pondons pr\u00e9sentes pour vous guider vers nos partenaires.<\/li>\n<\/ul>\n\n\n\n<p class=\"has-text-align-left\">Vous \u00eates d\u00e9cid\u00e9(e), vous faites le pas ! Ne faites pas cavalier seul, associez-vous avec d\u2019autres coll\u00e8gues ind\u00e9pendants qui vous aideront pendant vos jours de cong\u00e9s, vous en aurez besoin.<\/p>\n\n\n\n<p class=\"has-text-align-left\">Pour l\u2019envoi de votre tarification et documents m\u00e9dicaux administratifs via le r\u00e9seau MyCareNet, nous sommes pr\u00e9sentes pour optimiser votre tarification et assumer toutes vos demandes d\u2019accords aupr\u00e8s des mutuelles. <\/p>\n","protected":false},"excerpt":{"rendered":"<p>VD Tarification est un bureau sp\u00e9cialis\u00e9 dans la tarification tiers payant, mais aussi dans le conseil et l\u2019accompagnement dans vos d\u00e9buts d\u2019activit\u00e9 et durant le d\u00e9veloppement de votre entreprise. Votre carri\u00e8re sera \u00e9volutive, aider des coll\u00e8gues \u00e0 temps partiel dans un premier temps, histoire de prendre ses marques, vous sp\u00e9cialiser, vous former continuellement. Devenir titulaire [&hellip;]<\/p>\n","protected":false},"author":3,"featured_media":0,"parent":0,"menu_order":0,"comment_status":"closed","ping_status":"closed","template":"page-templates\/full-width.php","meta":{"footnotes":""},"class_list":["post-834","page","type-page","status-publish","hentry"],"yoast_head":"<!-- This site is optimized with the Yoast SEO plugin v27.4 - https:\/\/yoast.com\/product\/yoast-seo-wordpress\/ -->\n<title>Nouvelles infirmi\u00e8res - VDTarification<\/title>\n<meta name=\"robots\" content=\"index, follow, max-snippet:-1, max-image-preview:large, max-video-preview:-1\" \/>\n<link rel=\"canonical\" href=\"https:\/\/www.vdtarification.be\/index.php\/nouvelles-infirmieres\/\" \/>\n<meta property=\"og:locale\" content=\"en_US\" \/>\n<meta property=\"og:type\" content=\"article\" \/>\n<meta property=\"og:title\" content=\"Nouvelles infirmi\u00e8res - VDTarification\" \/>\n<meta property=\"og:description\" content=\"VD Tarification est un bureau sp\u00e9cialis\u00e9 dans la tarification tiers payant, mais aussi dans le conseil et l\u2019accompagnement dans vos d\u00e9buts d\u2019activit\u00e9 et durant le d\u00e9veloppement de votre entreprise. Votre carri\u00e8re sera \u00e9volutive, aider des coll\u00e8gues \u00e0 temps partiel dans un premier temps, histoire de prendre ses marques, vous sp\u00e9cialiser, vous former continuellement. Devenir titulaire [&hellip;]\" \/>\n<meta property=\"og:url\" content=\"https:\/\/www.vdtarification.be\/index.php\/nouvelles-infirmieres\/\" \/>\n<meta property=\"og:site_name\" content=\"VDTarification\" \/>\n<meta property=\"article:modified_time\" content=\"2023-03-13T12:21:03+00:00\" \/>\n<meta name=\"twitter:card\" content=\"summary_large_image\" \/>\n<script type=\"application\/ld+json\" class=\"yoast-schema-graph\">{\"@context\":\"https:\\\/\\\/schema.org\",\"@graph\":[{\"@type\":\"WebPage\",\"@id\":\"https:\\\/\\\/www.vdtarification.be\\\/index.php\\\/nouvelles-infirmieres\\\/\",\"url\":\"https:\\\/\\\/www.vdtarification.be\\\/index.php\\\/nouvelles-infirmieres\\\/\",\"name\":\"Nouvelles infirmi\u00e8res - VDTarification\",\"isPartOf\":{\"@id\":\"https:\\\/\\\/www.vdtarification.be\\\/#website\"},\"datePublished\":\"2023-03-13T12:11:50+00:00\",\"dateModified\":\"2023-03-13T12:21:03+00:00\",\"inLanguage\":\"en-US\",\"potentialAction\":[{\"@type\":\"ReadAction\",\"target\":[\"https:\\\/\\\/www.vdtarification.be\\\/index.php\\\/nouvelles-infirmieres\\\/\"]}]},{\"@type\":\"WebSite\",\"@id\":\"https:\\\/\\\/www.vdtarification.be\\\/#website\",\"url\":\"https:\\\/\\\/www.vdtarification.be\\\/\",\"name\":\"VDTarification\",\"description\":\"Tarifications et facturation de soins infirmiers et m\u00e9decins g\u00e9n\u00e9ralistes, support administratif et tiers payant \u00e0 Tournai, Pecq, Celles, Antoing, Frasnes et Leuze-en-Hainaut\",\"potentialAction\":[{\"@type\":\"SearchAction\",\"target\":{\"@type\":\"EntryPoint\",\"urlTemplate\":\"https:\\\/\\\/www.vdtarification.be\\\/?s={search_term_string}\"},\"query-input\":{\"@type\":\"PropertyValueSpecification\",\"valueRequired\":true,\"valueName\":\"search_term_string\"}}],\"inLanguage\":\"en-US\"}]}<\/script>\n<!-- \/ Yoast SEO plugin. -->","yoast_head_json":{"title":"Nouvelles infirmi\u00e8res - VDTarification","robots":{"index":"index","follow":"follow","max-snippet":"max-snippet:-1","max-image-preview":"max-image-preview:large","max-video-preview":"max-video-preview:-1"},"canonical":"https:\/\/www.vdtarification.be\/index.php\/nouvelles-infirmieres\/","og_locale":"en_US","og_type":"article","og_title":"Nouvelles infirmi\u00e8res - VDTarification","og_description":"VD Tarification est un bureau sp\u00e9cialis\u00e9 dans la tarification tiers payant, mais aussi dans le conseil et l\u2019accompagnement dans vos d\u00e9buts d\u2019activit\u00e9 et durant le d\u00e9veloppement de votre entreprise. Votre carri\u00e8re sera \u00e9volutive, aider des coll\u00e8gues \u00e0 temps partiel dans un premier temps, histoire de prendre ses marques, vous sp\u00e9cialiser, vous former continuellement. Devenir titulaire [&hellip;]","og_url":"https:\/\/www.vdtarification.be\/index.php\/nouvelles-infirmieres\/","og_site_name":"VDTarification","article_modified_time":"2023-03-13T12:21:03+00:00","twitter_card":"summary_large_image","schema":{"@context":"https:\/\/schema.org","@graph":[{"@type":"WebPage","@id":"https:\/\/www.vdtarification.be\/index.php\/nouvelles-infirmieres\/","url":"https:\/\/www.vdtarification.be\/index.php\/nouvelles-infirmieres\/","name":"Nouvelles infirmi\u00e8res - VDTarification","isPartOf":{"@id":"https:\/\/www.vdtarification.be\/#website"},"datePublished":"2023-03-13T12:11:50+00:00","dateModified":"2023-03-13T12:21:03+00:00","inLanguage":"en-US","potentialAction":[{"@type":"ReadAction","target":["https:\/\/www.vdtarification.be\/index.php\/nouvelles-infirmieres\/"]}]},{"@type":"WebSite","@id":"https:\/\/www.vdtarification.be\/#website","url":"https:\/\/www.vdtarification.be\/","name":"VDTarification","description":"Tarifications et facturation de soins infirmiers et m\u00e9decins g\u00e9n\u00e9ralistes, support administratif et tiers payant \u00e0 Tournai, Pecq, Celles, Antoing, Frasnes et Leuze-en-Hainaut","potentialAction":[{"@type":"SearchAction","target":{"@type":"EntryPoint","urlTemplate":"https:\/\/www.vdtarification.be\/?s={search_term_string}"},"query-input":{"@type":"PropertyValueSpecification","valueRequired":true,"valueName":"search_term_string"}}],"inLanguage":"en-US"}]}},"_links":{"self":[{"href":"https:\/\/www.vdtarification.be\/index.php\/wp-json\/wp\/v2\/pages\/834","targetHints":{"allow":["GET"]}}],"collection":[{"href":"https:\/\/www.vdtarification.be\/index.php\/wp-json\/wp\/v2\/pages"}],"about":[{"href":"https:\/\/www.vdtarification.be\/index.php\/wp-json\/wp\/v2\/types\/page"}],"author":[{"embeddable":true,"href":"https:\/\/www.vdtarification.be\/index.php\/wp-json\/wp\/v2\/users\/3"}],"replies":[{"embeddable":true,"href":"https:\/\/www.vdtarification.be\/index.php\/wp-json\/wp\/v2\/comments?post=834"}],"version-history":[{"count":5,"href":"https:\/\/www.vdtarification.be\/index.php\/wp-json\/wp\/v2\/pages\/834\/revisions"}],"predecessor-version":[{"id":843,"href":"https:\/\/www.vdtarification.be\/index.php\/wp-json\/wp\/v2\/pages\/834\/revisions\/843"}],"wp:attachment":[{"href":"https:\/\/www.vdtarification.be\/index.php\/wp-json\/wp\/v2\/media?parent=834"}],"curies":[{"name":"wp","href":"https:\/\/api.w.org\/{rel}","templated":true}]}}